se 6, what is 33440 - -2502?
40342
In base 7, what is 351343 - 22?
351321
In base 2, what is -1 - -1100010110101?
1100010110100
In base 13, what is 10a43 - -2?
10a45
In base 6, what is -11 - -13343125?
13343114
In base 2, what is 101 + 111010110111010?
111010110111111
In base 7, what is -5 - -15322150?
15322142
In base 11, what is -219 + 64?
-165
In base 3, what is -111121 + -11202?
-200100
In base 16, what is a64 - 62?
a02
In base 4, what is 12022010 + 2?
12022012
In base 14, what is 2 + -7807?
-7805
In base 3, what is 120100201 - 10?
120100121
In base 14, what is -1d + 448c3?
448a4
In base 12, what is -137 + -3244?
-337b
In base 9, what is -73863 - -7?
-73855
In base 5, what is 2104 - -423?
3032
In base 2, what is 11001011101 + 1110100?
11011010001
In base 3, what is -1022 + 10011?
1212
In base 8, what is 3 + 5467?
5472
In base 3, what is 222120110220 + 11?
222120111001
In base 14, what is -281 - 3?
-284
In base 6, what is -123032 - 2?
-123034
In base 8, what is 5721313 + 0?
5721313
In base 5, what is 0 - 43140?
-43140
In base 5, what is 302332 - 300?
302032
In base 13, what is -5 - -32ac?
32a7
In base 8, what is 33 - -64530?
64563
In base 12, what is -32 - -339?
307
In base 6, what is 12553 - 1412?
11141
In base 9, what is 841 + 517?
1458
In base 4, what is -1022 - 123302?
-130330
In base 11, what is -16262 - 70?
-16322
In base 13, what is -4 - -19c5?
19c1
In base 16, what is -83 - -6ba?
637
In base 14, what is 3 - 59b49?
-59b46
In base 14, what is -55b64b + 4?
-55b647
In base 7, what is 1156636 - 1?
1156635
In base 2, what is 10011001 + 1000101101101001?
1000110000000010
In base 9, what is -5 - -25378?
25373
In base 11, what is 4 - 73a33?
-73a2a
In base 11, what is 175 + -365?
-1a0
In base 14, what is 1062b + -5?
10626
In base 4, what is -3221332 - -32?
-3221300
In base 15, what is 9bcb - -b1?
9c8c
In base 11, what is 13913 - -22?
13935
In base 16, what is -4 + 1174?
1170
In base 15, what is 3 + -22dc6e?
-22dc6b
In base 10, what is -329 - 57?
-386
In base 7, what is 336300 - 2?
336265
In base 13, what is -5 - 4706?
-470b
In base 4, what is 2113300 + 1?
2113301
In base 13, what is -7bc - 30?
-81c
In base 6, what is 4142 + 4244?
12430
In base 4, what is 10331032 + 2?
10331100
In base 10, what is 51 + 4560?
4611
In base 9, what is 417 - -803?
1321
In base 15, what is -1 + 33ee?
33ed
In base 13, what is -4 + -1b277?
-1b27b
In base 2, what is 101001110011101101001011 - -11?
101001110011101101001110
In base 4, what is -10 + -20110100?
-20110110
In base 10, what is 19227 + 19?
19246
In base 4, what is 222232 - 130110?
32122
In base 5, what is 13423 + 3142?
22120
In base 13, what is -5 + 8087?
8082
In base 8, what is -420 - -6755?
6335
In base 3, what is -212022 - -100122?
-111200
In base 3, what is -2012 - -111021000?
111011211
In base 3, what is 221011012 + -101?
221010211
In base 8, what is -314 - -257?
-35
In base 11, what is 241916 - 3?
241913
In base 11, what is -18 - -24642?
24625
In base 12, what is -5710b + -2?
-57111
In base 14, what is -6617 - -103?
-6514
In base 12, what is 4018 - -a3?
40bb
In base 14, what is 2b3 + 20d?
4c2
In base 6, what is 32555 + -140?
32415
In base 10, what is -2169532 + 2?
-2169530
In base 4, what is 2000 + 22?
2022
In base 11, what is 4 - -10962?
10966
In base 13, what is 13108 - -5?
13110
In base 3, what is -2002221 - 1100211?
-10110202
In base 9, what is -610478 - -1?
-610477
In base 12, what is -44348 + 7?
-44341
In base 11, what is -562 + 18?
-545
In base 10, what is -15595 + 11?
-15584
In base 6, what is 14140231 + 2?
14140233
In base 3, what is 2021212012 - -102?
2021212121
In base 8, what is 44360 - -3?
44363
In base 3, what is -120011211 + 12?
-120011122
In base 9, what is 8452 - 20?
8432
In base 7, what is -15463252 - -5?
-15463244
In base 6, what is 2435 + -334?
2101
In base 5, what is 3 - 2344414?
-2344411
In base 13, what is -1 + a0?
9c
In base 5, what is -134 - 4311?
-10000
In base 15, what is -3a + d5?
9a
In base 15, what is -cb00 - 2?
-cb02
In base 14, what is -1 - 19b?
-19c
In base 8, what is 2 - 1162?
-1160
In base 14, what is 6d66 - -18?
6d80
In base 14, what is 23c22 + -4?
23c1c
In base 5, what is -1404 + 332?
-1022
In base 13, what is 47518 - 2?
47516
In base 7, what is 166 + 30311?
30510
In base 14, what is 4 - dc67?
-dc63
In base 4, what is 1001 + -2031011?
-2030010
In base 2, what is -10000000011101100 - -1?
-10000000011101011
In base 3, what is -202001 - -200120?
-1111
In base 11, what is -11 - a50?
-a61
In base 13, what is 3264 - -52?
32b6
In base 15, what is -9 + 3a234?
3a22a
In base 12, what is 9a9a + -24?
9a76
In base 16, what is 5e - 7b6?
-758
In base 12, what is 176 - 101a?
-a64
In base 16, what is 5 - -ee1a?
ee1f
In base 13, what is 1 + 193?
194
In base 3, what is 101201 - 11111?
20020
In base 4, what is 120023331 + 10?
120030001
In base 5, what is 1111 + -1034102?
-1032441
In base 9, what is 128 + 4177?
4316
In base 16, what is -2f5ed + 14?
-2f5d9
In base 10, what is 17655 + 19?
17674
In base 2, what is 10 + -101010101100?
-101010101010
In base 8, what is 15426 + 217?
15645
In base 5, what is 3 - -2333142?
2333200
In base 13, what is -9754 + 14?
-9740
In base 4, what is 10 + -330100032?
-330100022
In base 2, what is -10001110001011 + -1010?
-10001110010101
In base 3, what is 12 + -20000201102?
-20000201020
In base 13, what is -1917 + -3?
-191a
In base 7, what is -22 + -2110?
-2132
In base 4, what is 1 + 23333303?
23333310
In base 5, what is -1140043312 - 1?
-1140043313
In base 12, what is -a67bb - -1?
-a67ba
In base 15, what is -4 + 1167?
1163
In base 8, what is -1 + 25042?
25041
In base 2, what is 10 - -1001001100010100?
1001001100010110
In base 10, what is -135 - -18653?
18518
In base 8, what is 5076 + -32?
5044
In base 7, what is 3531201 + 5?
3531206
In base 6, what is -40 + -33153?
-33233
In base 5, what is -1 - -22443032?
22443031
In base 8, what is -35031 - 5?
-35036
In base 14, what is 1163 + a?
116d
In base 14, what is 2867 + 3?
286a
In base 13, what is -129a91 + -3?
-129a94
In base 14, what is 3 - 2bcc8?
-2bcc5
In base 14, what is 2224 - 3?
2221
In base 4, what is -10 - -333323?
333313
In base 5, what is 1343 - 2021?
-123
In base 4, what is 213100 + 2?
213102
In base 10, what is -197903 + -2?
-197905
In base 8, what is 6675 - -473?
7370
In base 10, what is 46153 + 3?
46156
In base 8, what is -461234 + -2?
-461236
In base 9, what is -223300 + -1?
-223301
In base 12, what is b - -186?
195
In base 6, what is -51115 + 23?
-51052
In base 6, what is 24024310 - 15?
24024251
In base 7, what is -6350 + -30?
-6410
In base 14, what is -1441 + -2b1?
-1712
In base 2, what is 100101101011001011111100 - -11?
100101101011001011111111
In base 11, what is 4 + 143544?
143548
In base 12, what is 3 + 1576a?
15771
In base 14, what is 193 + -45?
14c
In base 14, what is -2 + 3313?
3311
In base 10, what is 104275 - 4?
104271
In base 10, what is -33589 + -4?
-33593
In base 4, what is -2 + -2100101?
-2100103
In base 3, what is 211211 + -10122?
201012
In base 7, what is 3546 - 13026?
-6150
In base 14, what is 1 - 54a5?
-54a4
In base 6, what is -2 - -213334?
213332
In base 16, what is -4262 - 1c?
-427e
In base 9, what is -603 + 831?
227
In base 8, what is -1740 - 160?
-2120
In base 12, what is -3288 - 4?
-3290
In base 8, what is 1 + 1562577?
1562600
In base 13, what is -962a0 + 8?
-96295
In base 3, what is 12001212202 + 1?
12001212210
In base 9, what is -14188 - -6?
-14182
In base 11, what is a2166 - -4?
a216a
In base 14, what is 61 + 1487?
1508
In base 3, what is -10120110022 + 10?
-10120110012
In base 16, what is 55781 + -2?
5577f
In base 15, what is -51b + d?
-50d
In base 13, what is 845 - -6a?
8b2
In base 15, what is 1 - 462b?
-462a
In base 14, what is -1 + -85060?
-85061
In base 10, what is 9 + 2065?
2074
In base 8, what is -1307474 + -2?
-1307476
In base 14, what is 2d + -1d95?
-1d66
In base 2, what is -101010100 + 1101001?
-11101011
In base 6, what is 350 - -1023?
1413
In base 16, what is -5 + 4e3?
4de
In base 2, what is -1111 - -1011110101001?
1011110011010
In base 3, what is 1122120 + 201202?
2101022
In base 6, what is 123120533 - 2?
123120531
In base 2, what is 100001110100001101 - 11?
100001110100001010
In base 12, what is -2a9 - -85?
-224
In base 14, what is 0 - -c790d?
c790d
In bas